{"id":9,"date":"2019-02-04T09:07:48","date_gmt":"2019-02-04T08:07:48","guid":{"rendered":"http:\/\/radiors.iutrs.unistra.fr\/?page_id=9"},"modified":"2023-03-24T21:59:52","modified_gmt":"2023-03-24T20:59:52","slug":"lequipe","status":"publish","type":"page","link":"https:\/\/radiors.iutrs.unistra.fr\/index.php\/lequipe-2\/lequipe\/lequipe\/","title":{"rendered":"L&rsquo;\u00e9quipe 2019-2020"},"content":{"rendered":"\t\t<div data-elementor-type=\"wp-post\" data-elementor-id=\"9\" class=\"elementor elementor-9\">\n\t\t\t\t\t\t<section class=\"elementor-section elementor-top-section elementor-element elementor-element-2ae1180 elementor-section-boxed elementor-section-height-default elementor-section-height-default\" data-id=\"2ae1180\" data-element_type=\"section\" data-e-type=\"section\">\n\t\t\t\t\t\t<div class=\"elementor-container elementor-column-gap-default\">\n\t\t\t\t\t<div class=\"elementor-column elementor-col-100 elementor-top-column elementor-element elementor-element-e942229\" data-id=\"e942229\" data-element_type=\"column\" data-e-type=\"column\">\n\t\t\t<div class=\"elementor-widget-wrap elementor-element-populated\">\n\t\t\t\t\t\t<div class=\"elementor-element elementor-element-08c2b19 elementor-widget elementor-widget-spacer\" data-id=\"08c2b19\" data-element_type=\"widget\" data-e-type=\"widget\" data-widget_type=\"spacer.default\">\n\t\t\t\t<div class=\"elementor-widget-container\">\n\t\t\t\t\t\t\t<div class=\"elementor-spacer\">\n\t\t\t<div class=\"elementor-spacer-inner\"><\/div>\n\t\t<\/div>\n\t\t\t\t\t\t<\/div>\n\t\t\t\t<\/div>\n\t\t\t\t\t<\/div>\n\t\t<\/div>\n\t\t\t\t\t<\/div>\n\t\t<\/section>\n\t\t\t\t<section class=\"elementor-section elementor-top-section elementor-element elementor-element-a1a3088 elementor-section-boxed elementor-section-height-default elementor-section-height-default\" data-id=\"a1a3088\" data-element_type=\"section\" data-e-type=\"section\">\n\t\t\t\t\t\t<div class=\"elementor-container elementor-column-gap-default\">\n\t\t\t\t\t<div class=\"elementor-column elementor-col-100 elementor-top-column elementor-element elementor-element-20b968d\" data-id=\"20b968d\" data-element_type=\"column\" data-e-type=\"column\">\n\t\t\t<div class=\"elementor-widget-wrap elementor-element-populated\">\n\t\t\t\t\t\t<div class=\"elementor-element elementor-element-8f94701 elementor-widget elementor-widget-heading\" data-id=\"8f94701\" data-element_type=\"widget\" data-e-type=\"widget\" data-widget_type=\"heading.default\">\n\t\t\t\t<div class=\"elementor-widget-container\">\n\t\t\t\t\t<h3 class=\"elementor-heading-title elementor-size-default\">La dream team !<\/h3>\t\t\t\t<\/div>\n\t\t\t\t<\/div>\n\t\t\t\t\t<\/div>\n\t\t<\/div>\n\t\t\t\t\t<\/div>\n\t\t<\/section>\n\t\t\t\t<section class=\"elementor-section elementor-top-section elementor-element elementor-element-c8d122b elementor-section-boxed elementor-section-height-default elementor-section-height-default\" data-id=\"c8d122b\" data-element_type=\"section\" data-e-type=\"section\">\n\t\t\t\t\t\t<div class=\"elementor-container elementor-column-gap-default\">\n\t\t\t\t\t<div class=\"elementor-column elementor-col-100 elementor-top-column elementor-element elementor-element-7e99e3f\" data-id=\"7e99e3f\" data-element_type=\"column\" data-e-type=\"column\">\n\t\t\t<div class=\"elementor-widget-wrap elementor-element-populated\">\n\t\t\t\t\t\t<div class=\"elementor-element elementor-element-efef549 elementor-widget elementor-widget-image\" data-id=\"efef549\" data-element_type=\"widget\" data-e-type=\"widget\" data-widget_type=\"image.default\">\n\t\t\t\t<div class=\"elementor-widget-container\">\n\t\t\t\t\t\t\t\t\t\t\t\t\t\t\t<img fetchpriority=\"high\" decoding=\"async\" width=\"750\" height=\"500\" src=\"https:\/\/radiors.iutrs.unistra.fr\/wp-content\/uploads\/2020\/03\/photo_radiors_equipe_webradio_iutrs-768x512.jpg\" class=\"attachment-medium_large size-medium_large wp-image-655\" alt=\"L&#039;\u00e9quipe\" srcset=\"https:\/\/radiors.iutrs.unistra.fr\/wp-content\/uploads\/2020\/03\/photo_radiors_equipe_webradio_iutrs-768x512.jpg 768w, https:\/\/radiors.iutrs.unistra.fr\/wp-content\/uploads\/2020\/03\/photo_radiors_equipe_webradio_iutrs-300x200.jpg 300w, https:\/\/radiors.iutrs.unistra.fr\/wp-content\/uploads\/2020\/03\/photo_radiors_equipe_webradio_iutrs-360x240.jpg 360w, https:\/\/radiors.iutrs.unistra.fr\/wp-content\/uploads\/2020\/03\/photo_radiors_equipe_webradio_iutrs.jpg 850w\" sizes=\"(max-width: 750px) 100vw, 750px\" \/>\t\t\t\t\t\t\t\t\t\t\t\t\t\t\t<\/div>\n\t\t\t\t<\/div>\n\t\t\t\t<div class=\"elementor-element elementor-element-e649f6a elementor-widget elementor-widget-spacer\" data-id=\"e649f6a\" data-element_type=\"widget\" data-e-type=\"widget\" data-widget_type=\"spacer.default\">\n\t\t\t\t<div class=\"elementor-widget-container\">\n\t\t\t\t\t\t\t<div class=\"elementor-spacer\">\n\t\t\t<div class=\"elementor-spacer-inner\"><\/div>\n\t\t<\/div>\n\t\t\t\t\t\t<\/div>\n\t\t\t\t<\/div>\n\t\t\t\t\t<\/div>\n\t\t<\/div>\n\t\t\t\t\t<\/div>\n\t\t<\/section>\n\t\t\t\t<section class=\"elementor-section elementor-top-section elementor-element elementor-element-daf13df elementor-section-boxed elementor-section-height-default elementor-section-height-default\" data-id=\"daf13df\" data-element_type=\"section\" data-e-type=\"section\">\n\t\t\t\t\t\t<div class=\"elementor-container elementor-column-gap-default\">\n\t\t\t\t\t<div class=\"elementor-column elementor-col-33 elementor-top-column elementor-element elementor-element-b4c0f5d\" data-id=\"b4c0f5d\" data-element_type=\"column\" data-e-type=\"column\">\n\t\t\t<div class=\"elementor-widget-wrap elementor-element-populated\">\n\t\t\t\t\t\t<div class=\"elementor-element elementor-element-bb55703 elementor-widget elementor-widget-image\" data-id=\"bb55703\" data-element_type=\"widget\" data-e-type=\"widget\" data-widget_type=\"image.default\">\n\t\t\t\t<div class=\"elementor-widget-container\">\n\t\t\t\t\t\t\t\t\t\t\t\t\t\t\t<img decoding=\"async\" width=\"300\" height=\"200\" src=\"https:\/\/radiors.iutrs.unistra.fr\/wp-content\/uploads\/2020\/03\/photo_radiors_tiphaine_webradio_iutrs-300x200.jpg\" class=\"attachment-medium size-medium wp-image-660\" alt=\"Tiphaine\" srcset=\"https:\/\/radiors.iutrs.unistra.fr\/wp-content\/uploads\/2020\/03\/photo_radiors_tiphaine_webradio_iutrs-300x200.jpg 300w, https:\/\/radiors.iutrs.unistra.fr\/wp-content\/uploads\/2020\/03\/photo_radiors_tiphaine_webradio_iutrs-768x511.jpg 768w, https:\/\/radiors.iutrs.unistra.fr\/wp-content\/uploads\/2020\/03\/photo_radiors_tiphaine_webradio_iutrs-360x240.jpg 360w, https:\/\/radiors.iutrs.unistra.fr\/wp-content\/uploads\/2020\/03\/photo_radiors_tiphaine_webradio_iutrs.jpg 850w\" sizes=\"(max-width: 300px) 100vw, 300px\" \/>\t\t\t\t\t\t\t\t\t\t\t\t\t\t\t<\/div>\n\t\t\t\t<\/div>\n\t\t\t\t\t<\/div>\n\t\t<\/div>\n\t\t\t\t<div class=\"elementor-column elementor-col-66 elementor-top-column elementor-element elementor-element-2b58008\" data-id=\"2b58008\" data-element_type=\"column\" data-e-type=\"column\">\n\t\t\t<div class=\"elementor-widget-wrap elementor-element-populated\">\n\t\t\t\t\t\t<div class=\"elementor-element elementor-element-eec491e elementor-widget elementor-widget-text-editor\" data-id=\"eec491e\" data-element_type=\"widget\" data-e-type=\"widget\" data-widget_type=\"text-editor.default\">\n\t\t\t\t<div class=\"elementor-widget-container\">\n\t\t\t\t\t\t\t\t\t<h1>Tiphaine<\/h1><div wfd-id=\"643\">Cheffe de projet &#8211; animatrice<\/div><div wfd-id=\"642\">1A-COP<\/div><p><\/p>\t\t\t\t\t\t\t\t<\/div>\n\t\t\t\t<\/div>\n\t\t\t\t\t<\/div>\n\t\t<\/div>\n\t\t\t\t\t<\/div>\n\t\t<\/section>\n\t\t\t\t<section class=\"elementor-section elementor-top-section elementor-element elementor-element-68b1e1e elementor-section-boxed elementor-section-height-default elementor-section-height-default\" data-id=\"68b1e1e\" data-element_type=\"section\" data-e-type=\"section\">\n\t\t\t\t\t\t<div class=\"elementor-container elementor-column-gap-default\">\n\t\t\t\t\t<div class=\"elementor-column elementor-col-66 elementor-top-column elementor-element elementor-element-2137bac\" data-id=\"2137bac\" data-element_type=\"column\" data-e-type=\"column\">\n\t\t\t<div class=\"elementor-widget-wrap elementor-element-populated\">\n\t\t\t\t\t\t<div class=\"elementor-element elementor-element-998dda6 elementor-widget elementor-widget-text-editor\" data-id=\"998dda6\" data-element_type=\"widget\" data-e-type=\"widget\" data-widget_type=\"text-editor.default\">\n\t\t\t\t<div class=\"elementor-widget-container\">\n\t\t\t\t\t\t\t\t\t<h1 style=\"text-align: right;\">Marine<\/h1><div wfd-id=\"1\" style=\"text-align: right;\">Comunity Manager Instagram &#8211; animatrice<\/div><div wfd-id=\"0\" style=\"text-align: right;\">1A-COP<\/div>\t\t\t\t\t\t\t\t<\/div>\n\t\t\t\t<\/div>\n\t\t\t\t\t<\/div>\n\t\t<\/div>\n\t\t\t\t<div class=\"elementor-column elementor-col-33 elementor-top-column elementor-element elementor-element-9c40d1a\" data-id=\"9c40d1a\" data-element_type=\"column\" data-e-type=\"column\">\n\t\t\t<div class=\"elementor-widget-wrap elementor-element-populated\">\n\t\t\t\t\t\t<div class=\"elementor-element elementor-element-bf85c7a elementor-widget elementor-widget-image\" data-id=\"bf85c7a\" data-element_type=\"widget\" data-e-type=\"widget\" data-widget_type=\"image.default\">\n\t\t\t\t<div class=\"elementor-widget-container\">\n\t\t\t\t\t\t\t\t\t\t\t\t\t\t\t<img decoding=\"async\" width=\"300\" height=\"200\" src=\"https:\/\/radiors.iutrs.unistra.fr\/wp-content\/uploads\/2020\/03\/photo_radiors_marine_webradio_iutrs-300x200.jpg\" class=\"attachment-medium size-medium wp-image-657\" alt=\"Marine\" srcset=\"https:\/\/radiors.iutrs.unistra.fr\/wp-content\/uploads\/2020\/03\/photo_radiors_marine_webradio_iutrs-300x200.jpg 300w, https:\/\/radiors.iutrs.unistra.fr\/wp-content\/uploads\/2020\/03\/photo_radiors_marine_webradio_iutrs-768x512.jpg 768w, https:\/\/radiors.iutrs.unistra.fr\/wp-content\/uploads\/2020\/03\/photo_radiors_marine_webradio_iutrs-360x240.jpg 360w, https:\/\/radiors.iutrs.unistra.fr\/wp-content\/uploads\/2020\/03\/photo_radiors_marine_webradio_iutrs.jpg 850w\" sizes=\"(max-width: 300px) 100vw, 300px\" \/>\t\t\t\t\t\t\t\t\t\t\t\t\t\t\t<\/div>\n\t\t\t\t<\/div>\n\t\t\t\t\t<\/div>\n\t\t<\/div>\n\t\t\t\t\t<\/div>\n\t\t<\/section>\n\t\t\t\t<section class=\"elementor-section elementor-top-section elementor-element elementor-element-0b8e876 elementor-section-boxed elementor-section-height-default elementor-section-height-default\" data-id=\"0b8e876\" data-element_type=\"section\" data-e-type=\"section\">\n\t\t\t\t\t\t<div class=\"elementor-container elementor-column-gap-default\">\n\t\t\t\t\t<div class=\"elementor-column elementor-col-33 elementor-top-column elementor-element elementor-element-689519f\" data-id=\"689519f\" data-element_type=\"column\" data-e-type=\"column\">\n\t\t\t<div class=\"elementor-widget-wrap elementor-element-populated\">\n\t\t\t\t\t\t<div class=\"elementor-element elementor-element-6be1bcb elementor-widget elementor-widget-image\" data-id=\"6be1bcb\" data-element_type=\"widget\" data-e-type=\"widget\" data-widget_type=\"image.default\">\n\t\t\t\t<div class=\"elementor-widget-container\">\n\t\t\t\t\t\t\t\t\t\t\t\t\t\t\t<img loading=\"lazy\" decoding=\"async\" width=\"300\" height=\"200\" src=\"https:\/\/radiors.iutrs.unistra.fr\/wp-content\/uploads\/2020\/03\/photo_radiors_nathan_webradio_iutrs-300x200.jpg\" class=\"attachment-medium size-medium wp-image-659\" alt=\"Nathan\" srcset=\"https:\/\/radiors.iutrs.unistra.fr\/wp-content\/uploads\/2020\/03\/photo_radiors_nathan_webradio_iutrs-300x200.jpg 300w, https:\/\/radiors.iutrs.unistra.fr\/wp-content\/uploads\/2020\/03\/photo_radiors_nathan_webradio_iutrs-768x512.jpg 768w, https:\/\/radiors.iutrs.unistra.fr\/wp-content\/uploads\/2020\/03\/photo_radiors_nathan_webradio_iutrs-360x240.jpg 360w, https:\/\/radiors.iutrs.unistra.fr\/wp-content\/uploads\/2020\/03\/photo_radiors_nathan_webradio_iutrs.jpg 850w\" sizes=\"(max-width: 300px) 100vw, 300px\" \/>\t\t\t\t\t\t\t\t\t\t\t\t\t\t\t<\/div>\n\t\t\t\t<\/div>\n\t\t\t\t\t<\/div>\n\t\t<\/div>\n\t\t\t\t<div class=\"elementor-column elementor-col-66 elementor-top-column elementor-element elementor-element-c968bb5\" data-id=\"c968bb5\" data-element_type=\"column\" data-e-type=\"column\">\n\t\t\t<div class=\"elementor-widget-wrap elementor-element-populated\">\n\t\t\t\t\t\t<div class=\"elementor-element elementor-element-9276042 elementor-widget elementor-widget-text-editor\" data-id=\"9276042\" data-element_type=\"widget\" data-e-type=\"widget\" data-widget_type=\"text-editor.default\">\n\t\t\t\t<div class=\"elementor-widget-container\">\n\t\t\t\t\t\t\t\t\t<h1>Nathan<\/h1><div wfd-id=\"732\">R\u00e9alisateur \u00e9missions live &#8211; animateur<\/div><div wfd-id=\"731\">1A-COP<\/div>\t\t\t\t\t\t\t\t<\/div>\n\t\t\t\t<\/div>\n\t\t\t\t\t<\/div>\n\t\t<\/div>\n\t\t\t\t\t<\/div>\n\t\t<\/section>\n\t\t\t\t<section class=\"elementor-section elementor-top-section elementor-element elementor-element-bf17ec3 elementor-section-boxed elementor-section-height-default elementor-section-height-default\" data-id=\"bf17ec3\" data-element_type=\"section\" data-e-type=\"section\">\n\t\t\t\t\t\t<div class=\"elementor-container elementor-column-gap-default\">\n\t\t\t\t\t<div class=\"elementor-column elementor-col-66 elementor-top-column elementor-element elementor-element-a483c5a\" data-id=\"a483c5a\" data-element_type=\"column\" data-e-type=\"column\">\n\t\t\t<div class=\"elementor-widget-wrap elementor-element-populated\">\n\t\t\t\t\t\t<div class=\"elementor-element elementor-element-fc31711 elementor-widget elementor-widget-text-editor\" data-id=\"fc31711\" data-element_type=\"widget\" data-e-type=\"widget\" data-widget_type=\"text-editor.default\">\n\t\t\t\t<div class=\"elementor-widget-container\">\n\t\t\t\t\t\t\t\t\t<h1 style=\"text-align: right;\">Florine<\/h1><div wfd-id=\"1\" style=\"text-align: right;\">Directrice artistique &#8211; animatrice<\/div><div wfd-id=\"0\" style=\"text-align: right;\">1A-INO<\/div>\t\t\t\t\t\t\t\t<\/div>\n\t\t\t\t<\/div>\n\t\t\t\t\t<\/div>\n\t\t<\/div>\n\t\t\t\t<div class=\"elementor-column elementor-col-33 elementor-top-column elementor-element elementor-element-dc7ff58\" data-id=\"dc7ff58\" data-element_type=\"column\" data-e-type=\"column\">\n\t\t\t<div class=\"elementor-widget-wrap elementor-element-populated\">\n\t\t\t\t\t\t<div class=\"elementor-element elementor-element-789e921 elementor-widget elementor-widget-image\" data-id=\"789e921\" data-element_type=\"widget\" data-e-type=\"widget\" data-widget_type=\"image.default\">\n\t\t\t\t<div class=\"elementor-widget-container\">\n\t\t\t\t\t\t\t\t\t\t\t\t\t\t\t<img loading=\"lazy\" decoding=\"async\" width=\"300\" height=\"200\" src=\"https:\/\/radiors.iutrs.unistra.fr\/wp-content\/uploads\/2020\/03\/photo_radiors_florine_webradio_iutrs-300x200.jpg\" class=\"attachment-medium size-medium wp-image-656\" alt=\"Florine\" srcset=\"https:\/\/radiors.iutrs.unistra.fr\/wp-content\/uploads\/2020\/03\/photo_radiors_florine_webradio_iutrs-300x200.jpg 300w, https:\/\/radiors.iutrs.unistra.fr\/wp-content\/uploads\/2020\/03\/photo_radiors_florine_webradio_iutrs-768x512.jpg 768w, https:\/\/radiors.iutrs.unistra.fr\/wp-content\/uploads\/2020\/03\/photo_radiors_florine_webradio_iutrs-360x240.jpg 360w, https:\/\/radiors.iutrs.unistra.fr\/wp-content\/uploads\/2020\/03\/photo_radiors_florine_webradio_iutrs.jpg 850w\" sizes=\"(max-width: 300px) 100vw, 300px\" \/>\t\t\t\t\t\t\t\t\t\t\t\t\t\t\t<\/div>\n\t\t\t\t<\/div>\n\t\t\t\t\t<\/div>\n\t\t<\/div>\n\t\t\t\t\t<\/div>\n\t\t<\/section>\n\t\t\t\t<section class=\"elementor-section elementor-top-section elementor-element elementor-element-6345123 elementor-section-boxed elementor-section-height-default elementor-section-height-default\" data-id=\"6345123\" data-element_type=\"section\" data-e-type=\"section\">\n\t\t\t\t\t\t<div class=\"elementor-container elementor-column-gap-default\">\n\t\t\t\t\t<div class=\"elementor-column elementor-col-33 elementor-top-column elementor-element elementor-element-f787da9\" data-id=\"f787da9\" data-element_type=\"column\" data-e-type=\"column\">\n\t\t\t<div class=\"elementor-widget-wrap elementor-element-populated\">\n\t\t\t\t\t\t<div class=\"elementor-element elementor-element-bad083b elementor-widget elementor-widget-image\" data-id=\"bad083b\" data-element_type=\"widget\" data-e-type=\"widget\" data-widget_type=\"image.default\">\n\t\t\t\t<div class=\"elementor-widget-container\">\n\t\t\t\t\t\t\t\t\t\t\t\t\t\t\t<img loading=\"lazy\" decoding=\"async\" width=\"300\" height=\"200\" src=\"https:\/\/radiors.iutrs.unistra.fr\/wp-content\/uploads\/2020\/03\/photo_radiors_moussa_webradio_iutrs-300x200.jpg\" class=\"attachment-medium size-medium wp-image-658\" alt=\"Moussa\" srcset=\"https:\/\/radiors.iutrs.unistra.fr\/wp-content\/uploads\/2020\/03\/photo_radiors_moussa_webradio_iutrs-300x200.jpg 300w, https:\/\/radiors.iutrs.unistra.fr\/wp-content\/uploads\/2020\/03\/photo_radiors_moussa_webradio_iutrs-768x512.jpg 768w, https:\/\/radiors.iutrs.unistra.fr\/wp-content\/uploads\/2020\/03\/photo_radiors_moussa_webradio_iutrs-360x240.jpg 360w, https:\/\/radiors.iutrs.unistra.fr\/wp-content\/uploads\/2020\/03\/photo_radiors_moussa_webradio_iutrs.jpg 850w\" sizes=\"(max-width: 300px) 100vw, 300px\" \/>\t\t\t\t\t\t\t\t\t\t\t\t\t\t\t<\/div>\n\t\t\t\t<\/div>\n\t\t\t\t\t<\/div>\n\t\t<\/div>\n\t\t\t\t<div class=\"elementor-column elementor-col-66 elementor-top-column elementor-element elementor-element-6984fbf\" data-id=\"6984fbf\" data-element_type=\"column\" data-e-type=\"column\">\n\t\t\t<div class=\"elementor-widget-wrap elementor-element-populated\">\n\t\t\t\t\t\t<div class=\"elementor-element elementor-element-6cfe3c0 elementor-widget elementor-widget-text-editor\" data-id=\"6cfe3c0\" data-element_type=\"widget\" data-e-type=\"widget\" data-widget_type=\"text-editor.default\">\n\t\t\t\t<div class=\"elementor-widget-container\">\n\t\t\t\t\t\t\t\t\t<h1>Moussa<\/h1><div wfd-id=\"1\">Charg\u00e9 de veille &#8211; animateur<\/div><div wfd-id=\"0\">1A-COP<\/div>\t\t\t\t\t\t\t\t<\/div>\n\t\t\t\t<\/div>\n\t\t\t\t\t<\/div>\n\t\t<\/div>\n\t\t\t\t\t<\/div>\n\t\t<\/section>\n\t\t\t\t<section class=\"elementor-section elementor-top-section elementor-element elementor-element-cb86f6a elementor-section-boxed elementor-section-height-default elementor-section-height-default\" data-id=\"cb86f6a\" data-element_type=\"section\" data-e-type=\"section\">\n\t\t\t\t\t\t<div class=\"elementor-container elementor-column-gap-default\">\n\t\t\t\t\t<div class=\"elementor-column elementor-col-66 elementor-top-column elementor-element elementor-element-5d18fbf\" data-id=\"5d18fbf\" data-element_type=\"column\" data-e-type=\"column\">\n\t\t\t<div class=\"elementor-widget-wrap elementor-element-populated\">\n\t\t\t\t\t\t<div class=\"elementor-element elementor-element-8248cc4 elementor-widget elementor-widget-text-editor\" data-id=\"8248cc4\" data-element_type=\"widget\" data-e-type=\"widget\" data-widget_type=\"text-editor.default\">\n\t\t\t\t<div class=\"elementor-widget-container\">\n\t\t\t\t\t\t\t\t\t<h1 style=\"text-align: right;\">Karim<\/h1><div wfd-id=\"1\" style=\"text-align: right;\">Community Manager Facebook &#8211; animateur<\/div><div wfd-id=\"0\" style=\"text-align: right;\">1A-COP<\/div>\t\t\t\t\t\t\t\t<\/div>\n\t\t\t\t<\/div>\n\t\t\t\t\t<\/div>\n\t\t<\/div>\n\t\t\t\t<div class=\"elementor-column elementor-col-33 elementor-top-column elementor-element elementor-element-2713656\" data-id=\"2713656\" data-element_type=\"column\" data-e-type=\"column\">\n\t\t\t<div class=\"elementor-widget-wrap elementor-element-populated\">\n\t\t\t\t\t\t<div class=\"elementor-element elementor-element-0e44f93 elementor-widget elementor-widget-image\" data-id=\"0e44f93\" data-element_type=\"widget\" data-e-type=\"widget\" data-widget_type=\"image.default\">\n\t\t\t\t<div class=\"elementor-widget-container\">\n\t\t\t\t\t\t\t\t\t\t\t\t\t\t\t<img loading=\"lazy\" decoding=\"async\" width=\"300\" height=\"199\" src=\"https:\/\/radiors.iutrs.unistra.fr\/wp-content\/uploads\/2020\/03\/photo_radiors_karim_webradio_iutrs-300x199.jpg\" class=\"attachment-medium size-medium wp-image-662\" alt=\"Karim\" srcset=\"https:\/\/radiors.iutrs.unistra.fr\/wp-content\/uploads\/2020\/03\/photo_radiors_karim_webradio_iutrs-300x199.jpg 300w, https:\/\/radiors.iutrs.unistra.fr\/wp-content\/uploads\/2020\/03\/photo_radiors_karim_webradio_iutrs-1024x678.jpg 1024w, https:\/\/radiors.iutrs.unistra.fr\/wp-content\/uploads\/2020\/03\/photo_radiors_karim_webradio_iutrs-768x509.jpg 768w, https:\/\/radiors.iutrs.unistra.fr\/wp-content\/uploads\/2020\/03\/photo_radiors_karim_webradio_iutrs-1536x1017.jpg 1536w, https:\/\/radiors.iutrs.unistra.fr\/wp-content\/uploads\/2020\/03\/photo_radiors_karim_webradio_iutrs-2048x1356.jpg 2048w, https:\/\/radiors.iutrs.unistra.fr\/wp-content\/uploads\/2020\/03\/photo_radiors_karim_webradio_iutrs-360x240.jpg 360w\" sizes=\"(max-width: 300px) 100vw, 300px\" \/>\t\t\t\t\t\t\t\t\t\t\t\t\t\t\t<\/div>\n\t\t\t\t<\/div>\n\t\t\t\t\t<\/div>\n\t\t<\/div>\n\t\t\t\t\t<\/div>\n\t\t<\/section>\n\t\t\t\t<section class=\"elementor-section elementor-top-section elementor-element elementor-element-d1fb270 elementor-section-boxed elementor-section-height-default elementor-section-height-default\" data-id=\"d1fb270\" data-element_type=\"section\" data-e-type=\"section\">\n\t\t\t\t\t\t<div class=\"elementor-container elementor-column-gap-default\">\n\t\t\t\t\t<div class=\"elementor-column elementor-col-50 elementor-top-column elementor-element elementor-element-bd3ac9d\" data-id=\"bd3ac9d\" data-element_type=\"column\" data-e-type=\"column\">\n\t\t\t<div class=\"elementor-widget-wrap elementor-element-populated\">\n\t\t\t\t\t\t<div class=\"elementor-element elementor-element-ea8b5ae elementor-widget elementor-widget-image\" data-id=\"ea8b5ae\" data-element_type=\"widget\" data-e-type=\"widget\" data-widget_type=\"image.default\">\n\t\t\t\t<div class=\"elementor-widget-container\">\n\t\t\t\t\t\t\t\t\t\t\t\t\t\t\t<img loading=\"lazy\" decoding=\"async\" width=\"300\" height=\"200\" src=\"https:\/\/radiors.iutrs.unistra.fr\/wp-content\/uploads\/2020\/03\/photo_radiors_roberto_webradio_iutrs-300x200.png\" class=\"attachment-medium size-medium wp-image-663\" alt=\"Roberto\" srcset=\"https:\/\/radiors.iutrs.unistra.fr\/wp-content\/uploads\/2020\/03\/photo_radiors_roberto_webradio_iutrs-300x200.png 300w, https:\/\/radiors.iutrs.unistra.fr\/wp-content\/uploads\/2020\/03\/photo_radiors_roberto_webradio_iutrs-768x511.png 768w, https:\/\/radiors.iutrs.unistra.fr\/wp-content\/uploads\/2020\/03\/photo_radiors_roberto_webradio_iutrs-360x240.png 360w, https:\/\/radiors.iutrs.unistra.fr\/wp-content\/uploads\/2020\/03\/photo_radiors_roberto_webradio_iutrs.png 850w\" sizes=\"(max-width: 300px) 100vw, 300px\" \/>\t\t\t\t\t\t\t\t\t\t\t\t\t\t\t<\/div>\n\t\t\t\t<\/div>\n\t\t\t\t\t<\/div>\n\t\t<\/div>\n\t\t\t\t<div class=\"elementor-column elementor-col-50 elementor-top-column elementor-element elementor-element-24994a9\" data-id=\"24994a9\" data-element_type=\"column\" data-e-type=\"column\">\n\t\t\t<div class=\"elementor-widget-wrap elementor-element-populated\">\n\t\t\t\t\t\t<div class=\"elementor-element elementor-element-fb0bc1b elementor-widget elementor-widget-text-editor\" data-id=\"fb0bc1b\" data-element_type=\"widget\" data-e-type=\"widget\" data-widget_type=\"text-editor.default\">\n\t\t\t\t<div class=\"elementor-widget-container\">\n\t\t\t\t\t\t\t\t\t<h1 style=\"color: #707070;\">Roberto<\/h1><div wfd-id=\"0\" style=\"font-family: Sintony, sans-serif;\">Mascotte &#8211; votre humble serviteur<\/div>\t\t\t\t\t\t\t\t<\/div>\n\t\t\t\t<\/div>\n\t\t\t\t\t<\/div>\n\t\t<\/div>\n\t\t\t\t\t<\/div>\n\t\t<\/section>\n\t\t\t\t<\/div>\n\t\t","protected":false},"excerpt":{"rendered":"<p>La dream team ! Tiphaine Cheffe de projet &#8211; animatrice1A-COP Marine Comunity Manager Instagram &#8211; animatrice1A-COP Nathan R\u00e9alisateur \u00e9missions live &#8211; animateur1A-COP Florine Directrice artistique &#8211; animatrice1A-INO Moussa Charg\u00e9 de veille &#8211; animateur1A-COP Karim Community Manager Facebook &#8211; animateur1A-COP Roberto Mascotte &#8211; votre humble serviteur<\/p>\n","protected":false},"author":4,"featured_media":0,"parent":852,"menu_order":1,"comment_status":"closed","ping_status":"closed","template":"page-templates\/template-pagebuilder-full-width.php","meta":{"footnotes":""},"class_list":["post-9","page","type-page","status-publish","hentry"],"_links":{"self":[{"href":"https:\/\/radiors.iutrs.unistra.fr\/index.php\/wp-json\/wp\/v2\/pages\/9","targetHints":{"allow":["GET"]}}],"collection":[{"href":"https:\/\/radiors.iutrs.unistra.fr\/index.php\/wp-json\/wp\/v2\/pages"}],"about":[{"href":"https:\/\/radiors.iutrs.unistra.fr\/index.php\/wp-json\/wp\/v2\/types\/page"}],"author":[{"embeddable":true,"href":"https:\/\/radiors.iutrs.unistra.fr\/index.php\/wp-json\/wp\/v2\/users\/4"}],"replies":[{"embeddable":true,"href":"https:\/\/radiors.iutrs.unistra.fr\/index.php\/wp-json\/wp\/v2\/comments?post=9"}],"version-history":[{"count":6,"href":"https:\/\/radiors.iutrs.unistra.fr\/index.php\/wp-json\/wp\/v2\/pages\/9\/revisions"}],"predecessor-version":[{"id":854,"href":"https:\/\/radiors.iutrs.unistra.fr\/index.php\/wp-json\/wp\/v2\/pages\/9\/revisions\/854"}],"up":[{"embeddable":true,"href":"https:\/\/radiors.iutrs.unistra.fr\/index.php\/wp-json\/wp\/v2\/pages\/852"}],"wp:attachment":[{"href":"https:\/\/radiors.iutrs.unistra.fr\/index.php\/wp-json\/wp\/v2\/media?parent=9"}],"curies":[{"name":"wp","href":"https:\/\/api.w.org\/{rel}","templated":true}]}}